t n = -8 + w. Let q(b) = -5*b**3 - 17*b**2 + 3 + 30*b - 29*b + 13*b**2 + 4*b**3. What is q(n)?
-9
Let a(z) = z**2 - 14*z - 13. Let q(m) = -m**3 + 11*m**2 - 11*m + 24. Let r be q(10). Calculate a(r).
-13
Let h be (-53)/(-11) + (-18)/(-99). Suppose 20 = n - h*n. Let k(j) be the first derivative of -j**2 - 6*j + 1. Give k(n).
4
Let l(v) = v**2 - 4*v - 6. Let x(c) = 10 - c + 0 - 3 + 7. Let p be x(10). Let j be l(p). Let r(o) = o + 4. Determine r(j).
-2
Let i be -9 - (-1 + (-4 - 9)). Let u(s) = -5*s**2 + 5*s + 8. Let b(x) = -14*x**2 + 14*x + 23. Let a(j) = -4*b(j) + 11*u(j). Calculate a(i).
16
Let m(c) = 7*c**3 + 6*c. Let z(b) = 13*b**3 + b**2 + 12*b + 1. Let u(h) = -11*m(h) + 6*z(h). Let f be 11/((-11)/(-3))*(-5)/3. Determine u(f).
1
Let b(d) = d**2 - 6*d + 7. Let v be b(4). Let z(u) = 8*u - 1. Let q(n) = -16*n + 2. Let t(l) = 2*q(l) + 5*z(l). Calculate t(v).
-9
Let y(c) = c**3 + 9*c**2 + 18*c - 4. Let h be y(-6). Suppose -q + 1 = -2*a, 4*q = 4*a - 0*q + 12. Let g(d) = -a*d - 3*d - 6 + 2. Determine g(h).
16
Let h(t) = 35*t**2 + 4*t + 3. Let f be h(-1). Let v(z) = 3 + f*z - 14*z - 19*z - 6. Let p(n) = n**2 - 8*n + 5. Let d be p(6). Determine v(d).
-10
Let v(h) = h**3 - 9*h**2 + 2*h - 2. Let g(z) = -z**3 + 8*z**2 - 2*z + 1. Let a(m) = -5*g(m) - 4*v(m). Give a(3).
0
Let x(h) = 7*h + 5. Let o be -5 + 63/13 - (-304)/(-52). Give x(o).
-37
Let i(m) = 2*m + 28. Let f(p) = -99*p + 384. Let k be f(4). Determine i(k).
4
Let j(f) = -2*f**2 + 3*f + 4. Let n be (-5 + (-1 - -4))/1. What is j(n)?
-10
Let m(v) = -v**2 + v + 1. Let l = 33 + -23. Suppose -14*k - l = -19*k. Determine m(k).
-1
Let r(d) = -d**2 - 3*d - 2. Suppose -2*t = 5*h + 15, -3*t + 5*h + 50 = 2*t. Suppose t*g = 4*g + 58. Let c be g/(-18) - (-2)/9. Determine r(c).
-2
Let h = -145 + 69. Let x = h + 71. Let c(z) = z**3 + 5*z**2 - 4*z - 7. Give c(x).
13
Let c = 31 - 21. Suppose z + c = -z. Let n(a) = -a**2 - 4*a - 2. Give n(z).
-7
Let l(b) = 4*b**3 - b**2 - 2*b - 1. Let j(o) be the first derivative of -o**3/3 + 7*o**2 - 4*o + 5. Let p be j(14). Let x be (p/6)/(2/3). Determine l(x).
-4
Let g(c) be the first derivative of -2*c**3/3 + 6*c**2 - 4*c - 34. What is g(6)?
-4
Let u be (-1)/(12/(-9) - -1). Let r(h) = -3*h**2 + u*h - 2*h**2 - 3 + 4*h**2. Suppose 0 = 5*x + 4*s - 7, -4*x + 0*x + 2*s + 16 = 0. Determine r(x).
-3
Let n(x) be the first derivative of -x**4/4 - 7*x**3/3 - 2*x**2 + 5*x + 47. Determine n(-6).
-7
Suppose 3 = -3*d, -42*i - 5*d + 13 = -39*i. Let y(b) be the second derivative of -b**3/6 + 7*b**2 - b. Determine y(i).
8
Suppose 15*j + 12 = 14*j + 4*p, 0 = -5*j + p + 16. Let s(f) be the second derivative of 1/3*f**3 + 1/20*f**5 + 0 + 1/4*f**j + 1/2*f**2 + 3*f. What is s(-3)?
-5
Let q(b) = 4*b**3 - 12*b**2 - 10*b + 14. Let p(y) = -y**3 + y**2 + 2*y - 2. Let z(r) = -5*p(r) - q(r). What is z(-7)?
-4
Let j(o) = -69 + 39 + o**2 + 32 - 5*o. Suppose 47 = 5*a + 2. Let m = -5 + a. What is j(m)?
-2
Let x(w) = 11*w**3 - 13*w**3 - 925*w**2 - 3 - 2*w + 929*w**2. Suppose -4*y + 25 = 3*i, i + y = -2*i + 13. Calculate x(i).
-27
Let w = -16 - -19. Suppose -3*u = u - 3*s + 16, w*u = -3*s - 12. Let x(h) = -2*h - 2. Give x(u).
6
Let p(w) = -w**3 - 8*w**2 - 5*w - 5. Suppose -62*k + 59*k = -126. Suppose k = -16*l + 10*l. Calculate p(l).
-19
Let t = 82 + -74. Let r(l) = -10*l**2 + 20*l + 34. Let s(i) = -7*i**2 + 13*i + 23. Let p(u) = -5*r(u) + 7*s(u). What is p(t)?
-17
Suppose -12 = -4*z - 25*j + 29*j, -4*j = 0. Let c(q) = q**2 - 8*q - 4. Let u(s) = s**2 - 8*s - 3. Let l(p) = 5*c(p) - 6*u(p). What is l(z)?
13
Let u(h) be the third derivative of h**4/24 + 5*h**3/6 + 11*h**2 + 7*h. Determine u(11).
16
Let g(c) = 44*c - 6. Let a(d) = 108*d - 15. Let u(y) = -5*a(y) + 12*g(y). Determine u(2).
-21
Let s be 0 - -2 - (3 - 1). Let g(r) = -4*r - 22. Let f(k) = 2*k + 11. Let l(z) = 5*f(z) + 3*g(z). Let b(d) = 5*d + 23. Let c(m) = 3*b(m) + 7*l(m). What is c(s)?
-8
Let c = -146 - -163. Suppose -12*x + 19 = -c. Let k(z) = 2*z**2 - 4*z + 4. What is k(x)?
10
Suppose -520*d + 8 = -522*d. Let b(n) = -n**2 - 5*n - 3. Determine b(d).
1
Suppose 9 = -6*x - 21. Let p(l) = -4*l - 4*l + 0*l + 4*l - 6. Determine p(x).
14
Let k(w) = -4*w - 1. Let o = 26 + -26. Suppose -z - 5 + o = x, -4*z - 2*x = 12. Calculate k(z).
3
Let l(d) = -d**3 - 15*d**2 + d + 12. Let k be 171/(-11) + 396/726. Calculate l(k).
-3
Let r(x) = x - 3. Suppose -4*b - 3*d = -43, 4*d = -2*b - 0*b + 24. Suppose j = 4 + 12. Let f = j - b. Determine r(f).
3
Let v(f) = f**2 + 4*f - 7. Let t(j) be the first derivative of j**2/2 - 16*j + 3. Let g be t(11). What is v(g)?
-2
Suppose 2*l - 2 = l. Suppose -5*u = -5*z, -5*u + 3*z - 1 = -5. Let y(r) = r - 4 - l + u. Give y(0).
-4
Let r be 1/9 - (18 + (-3228)/108). Let b(n) = -n**2 + 13*n + 17. Calculate b(r).
29
Let k(m) = -2*m - 9. Let g be (5 + -1)*300/(-120). What is k(g)?
11
Suppose i + 11 = -j - 3*i, -5*i = -j + 16. Let o(v) = 22*v + 15*v - 30*v. Calculate o(j).
7
Let r(i) = -8 - 6*i - 5*i**2 + 2 - i**3 + 2*i. Suppose 2*g = 4*v + 10, 2*g - 15 = -g - v. Let t be -2 + 4/2 - g. Calculate r(t).
14
Let g(n) = -n**2 - 44*n + 177. Let p be g(4). Let m(d) = d**3 + 14*d**2 - 16*d. Determine m(p).
15
Let a(t) = 8*t - 7*t - 135 + 137 + 0*t. Let h(z) = z**2 - 1. Let d be h(2). Suppose 0 = d*w + w + 8. What is a(w)?
0
Let g(c) = -2*c. Let a be -5*8/(-20) - -2. Suppose a*o - 23 = -y, -2*o - 3*y - 3 = -22. What is g(o)?
-10
Let y(x) = -x**2 + 9*x - 3. Let k be y(6). Let i = k + -9. Let d(j) = -4*j + 11. Let c(s) = -7*s + 21. Let b(l) = -3*c(l) + 5*d(l). Calculate b(i).
-2
Let c be 34/153 + (-8)/36. Let b(p) = -2*p + 4. Calculate b(c).
4
Let d(l) = l**2 - 56*l - 116. Let h be d(58). Let y(k) = -k**3 - 2*k**2 - k - 20. Give y(h).
-20
Let z(u) = -2 + 3 + 15*u - 14*u. Let x be 2 - (2 + (6 - 4)). What is z(x)?
-1
Let y(z) = -z + 6. Suppose -3*j - 54 = -3*b - 0*b, 17 = -j + 2*b. Let f = j - -19. Calculate y(f).
6
Let g(q) = -6*q + q**2 + 4 - 3*q**2 + 3*q**2. Suppose 9*a - 4*a + w = 20, -4*w = -20. Determine g(a).
-5
Let r(i) be the third derivative of -i**6/120 + i**5/60 - i**4/24 + i**3 + 34*i**2. What is r(0)?
6
Let n(t) = 16*t + 7. Let f be 5 + (-12 - -10) + -5 + 1. What is n(f)?
-9
Let g(m) = m. Let o = -21 + 26. Suppose -5 = 5*c, o*j + 3*c = 2*j - 21. Determine g(j).
-6
Let s be (-108)/(-30) - 4 - (-42)/5. Let t(b) = -b - 10. Let x(l) = -2*l - 11. Let k(q) = 3*t(q) - 2*x(q). Give k(s).
0
Let l(o) = 1. Let q(p) = p**3 - 14*p**2 - 7*p + 1. Let m(a) = -a**2 - a - 1. Let f(y) = -5*m(y) + q(y). Let r(z) = -f(z) - 4*l(z). Determine r(9).
8
Let h(b) be the first derivative of -11 - 3*b - 3/2*b**2. Suppose -5*v = 7 + 3. Calculate h(v).
3
Let d(o) be the first derivative of -21*o**2/2 - 11*o - 3. Let h(v) = 10*v + 5. Let m(c) = 6*d(c) + 13*h(c). Calculate m(1).
3
Let m be (24/(-16))/((-6)/32). Suppose 4*b - m = -0*b. Let q = 0 + b. Let v(r) = -3*r + 3. What is v(q)?
-3
Let d(y) = 3*y**2 - 3*y - 6*y - 2*y**2 + 4*y. Let t be 1*3/(0 + 1). Give d(t).
-6
Let v = 815 + -821. Let h(m) = m**3 + 4*m**2 - 5*m - 9. Determine h(v).
-51
Suppose 4*p - 61 = c, 3*p - 43*c + 44*c = 51. Let l(u) = -u**3 + 14*u**2 + 31*u + 18. What is l(p)?
2
Let q = 13 - 9. Suppose 2*g - 3*h + 17 = -2*h, q*g - 1 = -5*h. Let d = g + 6. Let t(o) = -o**2 + o + 11. Determine t(d).
11
Let t(q) be the third derivative of q**4/4 + q**3/3 - 9*q**2. Let d be -4*-2*2/8. Determine t(d).
14
Let n(l) = 578 - 289 - l**2 - 283 + 5*l. Calculate n(-5).
-44
Suppose -y = -2*j - 0*y, j = y - 2. Let i(r) be the third derivative of 0*r**3 + 1/12*r**4 + 0*r + 6*r**j + 0. Determine i(-3).
-6
Suppose -17 = -2*w - 15*w. Let l(h) = -4 + w + 6 - h + 6. Determine l(0).
9
Let h(u) = 0*u**2 + 9*u**2 + 4*u**2 + 10*u + 7*u**2 - 19*u**2 + 1. Calculate h(-8).
-15
Let t(y) = y**2. Let g(v) = -13*v**2 + 12*v - 5. Let i(k) = -4*k**2 + 4*k - 2. Let j(a) = 3*g(a) - 8*i(a). Let q(l) = -j(l) - 6*t(l). Give q(5).
4
Suppose 18 = -16*b - 14. Let x(q) = -q**2 - q**3 + 3*q - q - 2 + 3. What is x(b)?
1
Let d(t) = 2*t**3. Let r be d(1). Let u(v) = 2*v - v**3 + v**2 - 713 + 715 + 3*v**r. What is u(4)?
10
Let r(q) = -q**2 + 6*q - 2. Suppose -4*l + 16 = 0, -2*a - 3*l = a - 90. Suppose -3*c + 4*o = -4 - a, -3*o - 15 = -c. Determine r(c).
-2
Let u = 47 + -54. Let k be 2/(-7) + -2 + (-30)/u. Let m(r) = 2*r**3 - 3*r**2 + 4*r - 3. Determine m(k